lculate the greatest common divisor of 137562 and 5454.
606
Calculate the highest common factor of 53320 and 57190.
430
What is the greatest common divisor of 1372 and 617743?
343
Calculate the highest common divisor of 23374 and 130572.
806
Calculate the highest common divisor of 3202760 and 550.
110
What is the greatest common divisor of 288 and 101052?
36
What is the greatest common divisor of 276 and 87975?
69
Calculate the greatest common divisor of 49876 and 14948.
148
What is the greatest common divisor of 318000 and 954?
318
Calculate the highest common factor of 80 and 1480.
40
Calculate the greatest common divisor of 275 and 4285325.
275
What is the greatest common divisor of 56616 and 32?
8
Calculate the highest common divisor of 53856 and 594.
198
Calculate the greatest common factor of 1987352 and 830.
166
Calculate the greatest common factor of 427 and 7049.
7
Calculate the greatest common divisor of 5 and 21134.
1
Calculate the highest common divisor of 12425 and 79023.
497
What is the greatest common factor of 1664 and 1901120?
832
What is the greatest common divisor of 76 and 629052?
76
What is the highest common divisor of 50553 and 205?
41
Calculate the greatest common divisor of 2928 and 510753.
183
Calculate the greatest common factor of 848729 and 28.
7
Calculate the highest common divisor of 11 and 1080068.
11
What is the highest common factor of 738 and 326442?
246
What is the highest common factor of 191518 and 62?
62
Calculate the greatest common divisor of 5865 and 514740.
345
Calculate the greatest common divisor of 1166 and 93368.
22
What is the greatest common divisor of 224323 and 11?
11
What is the highest common divisor of 11 and 27852?
11
Calculate the highest common factor of 2972 and 333607.
743
Calculate the greatest common divisor of 1628 and 1516.
4
Calculate the highest common divisor of 22625 and 8326.
181
What is the greatest common factor of 9383 and 191925?
853
What is the greatest common divisor of 4373050 and 1100?
550
What is the highest common factor of 1655995 and 220?
55
Calculate the highest common factor of 1186515 and 165.
165
Calculate the greatest common factor of 184 and 1952.
8
Calculate the greatest common divisor of 23100 and 33300.
300
What is the greatest common divisor of 6438 and 275761?
1073
What is the highest common divisor of 250 and 2?
2
Calculate the highest common divisor of 312 and 54972.
12
Calculate the greatest common divisor of 3267 and 231.
33
What is the greatest common divisor of 243984 and 51?
51
What is the greatest common factor of 76979 and 392?
49
What is the highest common divisor of 540 and 288620?
20
Calculate the greatest common factor of 72 and 206892.
36
What is the highest common factor of 45 and 4248?
9
What is the greatest common factor of 16464 and 5556?
12
What is the greatest common divisor of 8342856 and 9?
9
Calculate the greatest common factor of 116 and 127455.
29
Calculate the highest common divisor of 263 and 215923.
263
What is the highest common divisor of 1166220 and 186?
186
What is the greatest common divisor of 130 and 484562?
26
Calculate the highest common factor of 161 and 113045.
23
What is the highest common divisor of 15732 and 1012?
92
Calculate the highest common divisor of 37 and 1047729.
37
Calculate the highest common divisor of 3424 and 512744.
856
What is the greatest common divisor of 96 and 16860?
12
What is the highest common factor of 232 and 536?
8
What is the greatest common factor of 9044 and 7616?
476
What is the highest common divisor of 184 and 1836?
4
Calculate the highest common divisor of 142470 and 60.
30
Calculate the highest common divisor of 912 and 88388.
76
What is the greatest common factor of 1396972 and 148?
148
What is the greatest common factor of 40612 and 497?
71
What is the highest common divisor of 1518 and 6600?
66
What is the greatest common factor of 375 and 41500?
125
Calculate the highest common factor of 3824 and 416.
16
What is the highest common factor of 3077 and 549697?
181
What is the greatest common factor of 40326 and 141?
141
Calculate the greatest common factor of 2009 and 8526.
49
What is the highest common divisor of 773214 and 78?
78
Calculate the highest common factor of 23 and 1559009.
23
Calculate the highest common factor of 36638 and 644.
14
Calculate the highest common divisor of 129225 and 1875.
75
Calculate the highest common factor of 351 and 6021.
27
What is the greatest common divisor of 56 and 582?
2
Calculate the greatest common divisor of 21 and 537.
3
What is the greatest common factor of 32 and 24512?
32
Calculate the greatest common factor of 91 and 72241.
13
What is the highest common divisor of 634605 and 10?
5
Calculate the highest common divisor of 9078 and 52866.
534
What is the highest common divisor of 700 and 120820?
140
What is the highest common divisor of 61778 and 102?
34
What is the highest common divisor of 896 and 72320?
128
What is the greatest common divisor of 1067 and 28906?
97
Calculate the highest common factor of 217790 and 580.
290
Calculate the greatest common divisor of 1004 and 30008.
4
What is the highest common divisor of 8672 and 496?
16
Calculate the highest common factor of 15 and 99285.
15
Calculate the highest common divisor of 288 and 34812.
36
What is the highest common factor of 275 and 4595?
5
What is the highest common divisor of 910350 and 16830?
1530
What is the greatest common factor of 372 and 19468?
124
What is the highest common divisor of 163251 and 748?
187
What is the highest common divisor of 650 and 14365?
65
What is the greatest common divisor of 93 and 1798?
31
What is the highest common divisor of 29234 and 9259?
47
What is the highest common divisor of 432 and 35937?
27
Calculate the highest common divisor of 1144 and 1010438.
286
What is the highest common divisor of 34 and 39796286?
34
What is the highest common factor of 10 and 2808170?
10
What is the highest common factor of 17790 and 750?
30
What is the greatest common factor of 271 and 250675?
271
What is the highest common factor of 11210 and 20767?
19
What is the greatest common factor of 758805 and 15?
15
What is the highest common divisor of 14364 and 1193238?
1026
What is the greatest common divisor of 21 and 2154747?
21
Calculate the highest common divisor of 48 and 80904.
24
Calculate the greatest common factor of 32 and 91232.
32
Calculate the highest common divisor of 18037 and 272.
17
Calculate the highest common factor of 724292 and 172.
172
What is the greatest common factor of 6320 and 5872?
16
Calculate the greatest common factor of 6678 and 474615.
477
Calculate the highest common factor of 82115 and 55.
55
What is the highest common factor of 22548 and 24?
12
What is the greatest common factor of 97658 and 88?
22
Calculate the greatest common divisor of 28 and 2547279.
7
Calculate the greatest common divisor of 8957 and 46163.
689
What is the greatest common factor of 3777 and 527521?
1259
What is the highest common divisor of 189585 and 855?
45
Calculate the highest common divisor of 3933 and 2829.
69
Calculate the highest common factor of 164 and 11428.
4
Calculate the highest common factor of 4858 and 70.
14
What is the greatest common factor of 100 and 185?
5
What is the greatest common divisor of 8591 and 134332?
781
Calculate the highest common factor of 145320 and 840.
840
Calculate the highest common divisor of 2611312 and 1110.
74
What is the highest common factor of 8 and 17880840?
8
Calculate the highest common divisor of 46480 and 1120.
560
What is the greatest common divisor of 3 and 716037?
3
What is the highest common factor of 675724 and 28?
28
Calculate the greatest common divisor of 8541 and 208.
13
What is the greatest common factor of 152919 and 2106?
117
Calculate the highest common divisor of 12949 and 277559.
563
Calculate the greatest common factor of 50228 and 406.
58
What is the highest common factor of 57780 and 18?
18
Calculate the highest common divisor of 199493 and 56.
7
Calculate the highest common factor of 11604 and 636.
12
What is the highest common factor of 30388 and 284?
284
Calculate the highest common factor of 624 and 11184.
48
Calculate the highest common divisor of 80190 and 2079.
297
What is 